g - d*v = 92, -5*g - a*v + 40 = -4*g. List the prime factors of g.
2, 5
Let y = -145 + 150. Suppose d + y*j = 0, 7 = d - 5*j - 13. List the prime factors of d.
2, 5
Suppose 7*v = 9 + 19. Suppose 5*y + 427 = f + 1603, -v*f = -3*y + 692. What are the prime factors of y?
2, 59
Suppose -545 = -k - 5*w, 539 = 3*k - 2*k - w. Suppose 0 = -14*j + 9*j + k. List the prime factors of j.
2, 3
Suppose -8*p = -4*p - 8. Suppose -p*o = 2*o. Suppose 3*d + o*d - 75 = 0. What are the prime factors of d?
5
Let y(w) = -w**2 - 5*w - 1. Suppose -20 = -s - 3*s. Suppose -d + 16 = -4*k, s*k + 5 + 0 = 5*d. List the prime factors of y(d).
3
Suppose -4*t = c - 1622 - 2690, -5*t - 8611 = -2*c. What are the prime factors of c?
2, 3, 359
Suppose -7*c + 20 = -2*c. Let s(o) = 6*o**2 - 4*o**2 + c*o - 2*o + o**3 + 4*o**2. What are the prime factors of s(-4)?
2, 3
List the prime factors of (-16*1)/((-18)/909).
2, 101
Suppose 904 = -15*i + 19*i - g, -3*g - 904 = -4*i. List the prime factors of i.
2, 113
Suppose 0 = 5*y - 38 + 18. Suppose y*q = 6*q - 2, -72 = -m - 3*q. List the prime factors of m.
3, 23
Let f = -42 + 60. Let z = -14 + f. What are the prime factors of z?
2
Let a = -1219 + 1458. List the prime factors of a.
239
Suppose 26*g - 27144 = 8*g. What are the prime factors of g?
2, 13, 29
Let t(s) = -4*s - 9. Let q be t(-7). Suppose 4*v - q = 13. List the prime factors of (-163)/(-4) + 2/v.
41
Let g = -32 - -36. Suppose 0 = -g*q + 88 + 136. What are the prime factors of q?
2, 7
Let k(f) = 4*f + 2. Let z be k(-2). Let c be 6 - 0*(-2)/z. Let u(q) = q**2 - 6*q + 7. List the prime factors of u(c).
7
List the prime factors of (-21)/((-588)/20152) + (-2)/(-7).
2, 3, 5
Let v be (-3 - -30*4)*4/(-6). Let f = v - -175. What are the prime factors of f?
97
Suppose -3*j + 9 = 0, 0 = -g - g - j + 89. What are the prime factors of g?
43
Let m be 236/7 + (-4)/(-14). Let z(f) = f**3 - 3*f**2 + 2*f - 4. Let s be z(3). Suppose m = s*b - 54. List the prime factors of b.
2, 11
Let t(j) = 15*j**2 + 46*j + 38. List the prime factors of t(-18).
2, 5, 11, 37
Let b be 8/3 - (1 + 3/(-9)). Suppose b*j - 101 - 33 = 0. List the prime factors of j.
67
Let f be -1 + 10/(-25) + 2032/5. Let r = 695 - f. What are the prime factors of r?
2, 5, 29
Let d = 217 - 220. Let a(l) = -2 - l**3 + 3*l**2 + 0*l**2 + 2*l**3 - 2*l. What are the prime factors of a(d)?
2
Let d = -480 + 778. What are the prime factors of d?
2, 149
Suppose -4*q + 2624 = 3*o, 3*o - 2609 + 641 = -3*q. What are the prime factors of q?
2, 41
Let z(n) be the third derivative of -n**5/60 + 7*n**4/24 + 3*n**3/2 - 2*n**2. Let r be (-5)/2*(-196)/70. List the prime factors of z(r).
3
What are the prime factors of -10 + (-21)/(168/(-7760))?
2, 3, 5
Let g(b) = 5*b**2 - 5*b - 46. Let l(y) = y**3 - 4*y**2 + 3*y - 8. Let c be l(3). What are the prime factors of g(c)?
2, 157
Suppose 6*z = -9*z + 26340. What are the prime factors of z?
2, 439
List the prime factors of (-10341)/(-9) + (0 - 0 - 4).
5, 229
Let g(h) = -8*h - 2. Let d be g(-6). Suppose 0 = -2*v - 3*i + 3, -1 = -v + 5*i + 7. Suppose v*f - f = d. List the prime factors of f.
23
Suppose -z = -7*z + 30. Suppose -z*u + 8*u - 225 = 0. List the prime factors of u.
3, 5
Let s = -2695 - -4111. List the prime factors of s.
2, 3, 59
Suppose g = -h - 3*g + 3, 5*h - 2*g - 15 = 0. Suppose 1 = -2*b + h*b. Suppose -k + 12 = b. What are the prime factors of k?
11
Let c = -179 - -393. What are the prime factors of c?
2, 107
Let x(g) = -g**3 + 19*g**2 - 13*g + 76. What are the prime factors of x(-12)?
2, 587
Let l(k) = 3*k - 13. Let z be l(5). Suppose 3 = n, 842 = 3*x + z*x - n. List the prime factors of x.
13
Suppose 4*x - 1894 = -4*i + 4070, 4*x + 5948 = 4*i. What are the prime factors of i?
1489
What are the prime factors of -2 - (-7)/(-1) - -272?
263
Let w = -16 - -10. Let x(n) = -n + 54. Let u be x(12). Let g = u - w. List the prime factors of g.
2, 3
Suppose 4*y - 20 = 3*y. Suppose -3*c - y + 83 = 0. What are the prime factors of c?
3, 7
List the prime factors of -5 - (65741/1)/(-13).
2, 3, 421
Suppose 3*h = -2*b + h - 8, -2*b + 4*h = 2. Let l(f) = -2*f + 2*f - 7*f. List the prime factors of l(b).
3, 7
Let u(n) = 28*n**2 + 79*n - 18. List the prime factors of u(7).
1907
Let d = 40 - 28. Let g = d - 12. Suppose 0 = -g*u + u - 27. List the prime factors of u.
3
Suppose 5232*n + 9540 = 5242*n. List the prime factors of n.
2, 3, 53
List the prime factors of ((0 - 0) + -3178)*9/(-18).
7, 227
Let h(f) be the second derivative of 0 + 5/6*f**3 - 5*f**2 + f. List the prime factors of h(7).
5
Suppose -102674 = 8*c - 30*c. List the prime factors of c.
13, 359
Suppose 599 = 4*z - 4*b + 119, -3*z = 4*b - 332. List the prime factors of z.
2, 29
List the prime factors of 11/((-44)/(-4240)) + (-1 - 5).
2, 17, 31
Suppose 3*f - 2*a = 39 + 436, -793 = -5*f + 2*a. What are the prime factors of f?
3, 53
Let v(t) = -5*t**2 - 18*t + 2. Let s(o) = -11*o**2 - 37*o + 4. Let l(d) = -6*s(d) + 13*v(d). What are the prime factors of l(16)?
2, 3, 11
Suppose -j - 2*j + 6 = 0. Suppose 0 = -4*f + 20, -2*n - f + j*f - 5 = 0. Suppose n = h + 4*h - 30. List the prime factors of h.
2, 3
Let s = 69 + 191. List the prime factors of s.
2, 5, 13
Let j = -8 - 0. Let b = j - -2. Let a(t) = t**2 + 4*t - 1. List the prime factors of a(b).
11
Suppose 28 = 12*y - 5*y. Suppose -2590 = -14*n + y*n. List the prime factors of n.
7, 37
Suppose a + 2*d = 5*a - 6, -7 = -3*a - d. Suppose -p = -k - 49, a*k - 167 = -3*p + k. List the prime factors of p.
2, 3
Let q(s) = -s - 11. Let v be q(15). Let u = v - -63. Suppose 6 - u = -m. What are the prime factors of m?
31
List the prime factors of ((63/14)/(-9))/((-2)/1372).
7
Let n be (-7)/(7/4) - -4. Let v = 112 - n. What are the prime factors of v?
2, 7
Let h be -2 - (1 + 0) - -34. Let z = h - -91. List the prime factors of z.
2, 61
Suppose 8*x - 9*x = -1120. Suppose 4*z - 2*h + 145 - 1059 = 0, 0 = 5*z + 5*h - x. What are the prime factors of z?
227
Let t be ((-2)/(-3))/(1/3). Suppose -4 = 3*a - t*a. Let w(h) = h**3 + 7*h**2 + 4*h - 5. List the prime factors of w(a).
3
Let d = -994 - -1718. What are the prime factors of d?
2, 181
Let s = -19 + 22. Suppose 3*b = -s*j + 39, b + 4*j - 32 + 13 = 0. Let q = 7 + b. List the prime factors of q.
2, 3
Suppose 2*o - 2*g - 3794 = -o, 3*o - 3804 = -3*g. List the prime factors of o.
2, 3, 211
Suppose 6739 = 5*l + 4*p, 4057 = -4*l + 7*l - p. List the prime factors of l.
7, 193
Let y = 899 + -278. What are the prime factors of y?
3, 23
Let h = 499 + -120. List the prime factors of h.
379
Let h be (32/48)/(2/12). Suppose h*v - 4 = -64. Let w = v - -31. What are the prime factors of w?
2
Suppose 4*j - 5*j + 4 = 0. Suppose j*i = 113 + 19. List the prime factors of i.
3, 11
Let b = -58 - -86. Let i = 8 - b. Let o = i + 28. List the prime factors of o.
2
Let q(z) = 2*z**2 - 10*z + 7. Let h = 21 + -35. Let u = h + 22. List the prime factors of q(u).
5, 11
Suppose -11*g = 2*g - 6032. List the prime factors of g.
2, 29
Let d = 38 - 34. Suppose d*t = -18 + 30. Suppose 0*i + 74 = i - c, t*i - 218 = c. List the prime factors of i.
2, 3
Suppose m - 14 = -u + 4*u, 2*m - 8 = u. Let d = 23 + -18. Suppose m*f + j - 80 = 20, -265 = -d*f + 5*j. What are the prime factors of f?
3, 17
Let d = 7744 - 4754. What are the prime factors of d?
2, 5, 13, 23
Suppose 0 = 817*r - 819*r + 10176. What are the prime factors of r?
2, 3, 53
Suppose s = -3*o + 6*s - 13056, o = -2*s - 4352. What are the prime factors of -2 + 16/7 - o/56?
2, 3, 13
Let w(v) = v**3 - 6*v**2 + v + 6. Suppose 24 = 3*d + 4*k, 3*d + 4*k = 8*k + 24. List the prime factors of w(d).
2, 71
Let y = -222 + 527. Suppose 0*m = 2*o + m - y, 0 = 3*m - 3. List the prime factors of o.
2, 19
Let p = 169 + 23. Let r = 111 - p. Let w = 132 + r. What are the prime factors of w?
3, 17
Let q(n) = -n - 2. Let u be q(0). Let f be 4*(-3 - -2)*3. List the prime factors of (-86)/u - (f + 8).
47
Let i = -1632 + 2545. List the prime factors of i.
11, 83
Let o be 14/(-1) - (-2 + 0). Let g be 0 + (-16)/o*-3. List the prime factors of (24 - 0) + g + 0.
2, 5
Let i(u) = 3*u**3 - 9*u**2 + 4*u + 1. List the prime factors of i(6).
349
Suppose y = 0, 5*y = -4*l + 10*y + 3404. What are the prime factors of l?
23, 37
Suppose 4*g + 1 = 13. Let t(s) = s + 16. Let i be t(8). Supp